True
Is 426599 composite?
True
Is 36112477 composite?
False
Is 719803 composite?
True
Is 902437 prime?
True
Is 34894669 composite?
False
Is 143896069 composite?
False
Is 376313 prime?
False
Is 5456659 a composite number?
True
Is 10335959 prime?
True
Is 694709 prime?
False
Is 1085218283 composite?
False
Is 298417871 prime?
True
Is 320293199 prime?
True
Is 54432871 prime?
False
Is 16102157 a composite number?
True
Is 1357963 a composite number?
True
Is 8694899 composite?
False
Is 16547953 prime?
False
Is 206033311 a prime number?
False
Is 367682101 composite?
True
Is 1090739 composite?
True
Is 6656803 prime?
False
Is 108923611 a prime number?
False
Is 5026343 prime?
False
Is 13647479 a composite number?
False
Is 29026889 composite?
True
Is 19109523 composite?
True
Is 10231987 prime?
False
Is 13836913 prime?
True
Is 1269901 a composite number?
False
Is 356626429 a composite number?
False
Is 1312153 a prime number?
True
Is 5388673 a prime number?
True
Is 56470317 prime?
False
Is 7686079 prime?
False
Is 99284957 a composite number?
False
Is 10437521 a composite number?
False
Is 216414421 prime?
False
Is 402786151 composite?
True
Is 9057553 a composite number?
False
Is 25241143 a prime number?
False
Is 4946177 composite?
False
Is 3039139 a prime number?
True
Is 493853 a composite number?
False
Is 61763 a prime number?
False
Is 2394257 a prime number?
True
Is 4393687 a composite number?
False
Is 951407 prime?
True
Is 447247 composite?
False
Is 1366627 a composite number?
False
Is 4878397 a prime number?
True
Is 10470637 a composite number?
False
Is 5919157 a prime number?
True
Is 271641283 a composite number?
True
Is 155419367 composite?
True
Is 5670569 composite?
True
Is 9648949 a prime number?
True
Is 406369 a prime number?
False
Is 1881617269 composite?
True
Is 53743289 composite?
True
Is 1695487 a composite number?
True
Is 92156513 a prime number?
True
Is 370919 prime?
True
Is 56022647 a composite number?
False
Is 570065 a composite number?
True
Is 1832407 composite?
False
Is 30931733 a prime number?
False
Is 36812963 a composite number?
True
Is 7502743 prime?
False
Is 1041253 a prime number?
True
Is 127529 a composite number?
False
Is 18217385 a prime number?
False
Is 5501273 a composite number?
False
Is 926443867 a composite number?
False
Is 7707607 a composite number?
False
Is 2681257 prime?
False
Is 55084999 prime?
True
Is 46343693 prime?
False
Is 71296829 a prime number?
True
Is 34244951 composite?
True
Is 1153309 prime?
True
Is 203054569 composite?
True
Is 298294151 composite?
False
Is 1454801 a prime number?
True
Is 228921073 a prime number?
False
Is 334826741 composite?
True
Is 321547 prime?
True
Is 3556231 a composite number?
True
Is 82429751 prime?
True
Is 15372737 composite?
False
Is 13286257 composite?
False
Is 40756699 prime?
True
Is 1938241 composite?
True
Is 1257499 a prime number?
True
Is 328747957 a prime number?
False
Is 3132083 prime?
True
Is 276105539 prime?
True
Is 47637542 prime?
False
Is 13745339 composite?
False
Is 318290155 composite?
True
Is 54518743 a composite number?
True
Is 9159401 a prime number?
False
Is 1433989 a composite number?
False
Is 222327523 a composite number?
True
Is 97565347 a composite number?
True
Is 4297165 a prime number?
False
Is 136505065 a prime number?
False
Is 3657259 composite?
False
Is 21696679 composite?
True
Is 530833 a composite number?
False
Is 117371 prime?
True
Is 235356791 prime?
True
Is 56619897 composite?
True
Is 3775501 prime?
True
Is 13796957 prime?
True
Is 81068783 a composite number?
True
Is 17765501 a composite number?
True
Is 21269 a prime number?
True
Is 3419852863 prime?
False
Is 353071 prime?
False
Is 37340167 a composite number?
True
Is 48351133 a prime number?
False
Is 5232173 a composite number?
False
Is 76843133 prime?
True
Is 359075069 prime?
False
Is 17424457 a composite number?
False
Is 4811421 a composite number?
True
Is 7811429 composite?
False
Is 508901 a prime number?
True
Is 10007 a prime number?
True
Is 20845127 a composite number?
True
Is 12262837 a composite number?
True
Is 111736969 composite?
False
Is 14505823 composite?
True
Is 3974395 a prime number?
False
Is 6145981 composite?
False
Is 6607221 prime?
False
Is 58015937 prime?
False
Is 57913719 prime?
False
Is 4849419 a composite number?
True
Is 4876819 a composite number?
True
Is 104352641 a composite number?
True
Is 2876063 a prime number?
False
Is 64117 composite?
True
Is 25875481 composite?
True
Is 4090429 a composite number?
True
Is 48484679 a prime number?
True
Is 65371 prime?
True
Is 11351933 a composite number?
True
Is 2114407 prime?
True
Is 181208399 composite?
False
Is 49851119 a prime number?
True
Is 39810431 a prime number?
True
Is 431471 composite?
True
Is 25311794 a composite number?
True
Is 524659897 composite?
True
Is 2204197 prime?
True
Is 1208002 composite?
True
Is 13907603 prime?
True
Is 2007113 a composite number?
True
Is 423821381 composite?
False
Is 5712241 prime?
True
Is 25798211 a composite number?
False
Is 18257711 composite?
True
Is 193269233 a prime number?
True
Is 65811833 composite?
True
Is 24349327 a prime number?
True
Is 2160751 prime?
False
Is 23902633 composite?
False
Is 32438303 prime?
False
Is 604339 prime?
True
Is 96316217 a prime number?
False
Is 14081909 a composite number?
False
Is 16617749 composite?
True
Is 107399 a composite number?
True
Is 11673289 prime?
True
Is 7899343 composite?
False
Is 1497235 a composite number?
True
Is 4711009 a prime number?
False
Is 4024129 a composite number?
False
Is 1068617441 composite?
False
Is 17566949 a composite number?
False
Is 1761281 composite?
True
Is 853493 composite?
False
Is 159532481 prime?
True
Is 1187047 a prime number?
True
Is 527512933 prime?
False
Is 26960933 composite?
False
Is 6439123 a composite number?
False
Is 15560819 a composite number?
True
Is 18871285 a composite number?
True
Is 260181341 a composite number?
True
Is 8405453 prime?
False
Is 878561 composite?
True
Is 18565453 prime?
False
Is 657809 prime?
True
Is 5256419 a composite number?
True
Is 8692637 a composite number?
False
Is 288049 prime?
True
Is 161862803 a composite number?
False
Is 877787 a prime number?
False
Is 8750563 a composite number?
True
Is 48310907 a prime number?
True
Is 228133819 a composite number?
False
Is 25645651 composite?
False
Is 2440817 a composite number?
False
Is 2062097 a composite number?
True
Is 8325182 prime?
False
Is 12830637 composite?
True
Is 9248059 a prime number?
True
Is 595597 prime?
False
Is 104759335 a prime number?
False
Is 273546671 a composite number?
True
Is 3723271 composite?
False
Is 1556483 a prime number?
False
Is 8642741 a prime number?
False
Is 124001545 prime?
False
Is 5154533 composite?
False
Is 6969491 a prime number?
True
Is 35249735 composite?
True
Is 24323203 a prime number?
True
Is 7802381 prime?
True
Is 303316471 composite?
True
Is 2148747 composite?
True
Is 16681219 a prime number?
False
Is 133326491 prime?
True
Is 74688143 a prime number?
False
Is 2077679 prime?
False
Is 1028939 prime?
True
Is 28248163 composite?
True
Is 82335889 a prime number?
True
Is 8372783 prime?
True
Is 4311871 a prime number?
True
Is 1719397 a prime number?
False
Is 102967 a prime number?
True
Is 168038111 composite?
False
Is 18970361 a prime number?
True
Is 18194349 a prime number?
False
Is 214876777 a prime number?
False
Is 24795451 a prime number?
False
Is 1455589 a composite number?
True
Is 10021819 prime?
True
Is 123057434 prime?
False
Is 76440797 a prime number?
True
Is 32952809 composite?
False
Is 1988143 a prime number?
False
Is 4915247 composite?
True
Is 116010313 a composite number?
False
Is 9305 a prime number?
False
Is 40538903 a composite number?
True
Is 236999593 a prime number?
True
Is 4731637 prime?
True
Is 172526453 a composite number?
True
Is 24305081 prime?
True
Is 5884685 a prime number?
False
Is 111669953 composite?
True
Is 642138961 prime?
False
Is 77904649 a composite number?
False
Is 71217227 a composite number?
False
Is 866297 a composite number?
True
Is 289522286 prime?
False
Is 69911 a composite number?
False
Is 21557983 prime?
True
Is 5414777 a prime number?
True
Is 42803053 a prime number?
True
Is 15296773 a composite number?
True
Is 11225969 a prime number?
False
Is 4124789 prime?
False
I